{"id":9,"date":"2020-01-17T10:06:06","date_gmt":"2020-01-17T09:06:06","guid":{"rendered":"http:\/\/klimontow.org\/?page_id=9"},"modified":"2024-04-29T20:37:42","modified_gmt":"2024-04-29T18:37:42","slug":"o-nas","status":"publish","type":"page","link":"https:\/\/klimontow.org\/index.php\/o-nas\/","title":{"rendered":"KGW Klimont\u00f3w"},"content":{"rendered":"<h1>KGW Klimont\u00f3w<\/h1>\n<p>Ko\u0142o Gospody\u0144 Wiejskich w Klimontowie powsta\u0142o w 1965 roku jako organizacja kobiet wiejskich w ramach K\u00f3\u0142ek Rolniczych. Na pocz\u0105tku swej dzia\u0142alno\u015bci zrzesza\u0142o 11 pa\u0144 pod przewodnictwem Pani Teresy Stanek.<\/p>\n\n\n<p>Cz\u0142onkinie naszego Ko\u0142a aktywnie uczestnicz\u0105 we wszelkiego rodzaju prezentacjach kulinarnych i uroczysto\u015bciach do\u017cynkowych na terenie Gminy Proszowice i nie tylko . Kultywujemy r\u00f3wnie\u017c ludowe zwyczaje organizuj\u0105c doroczne spotkania z okazji \u015bwi\u0105t zar\u00f3wno religijnych jak i \u015bwieckich  oraz uczestniczymy w imprezach kulturalnych zwi\u0105zanych z folklorem i tradycj\u0105 ma\u0142opolskiej wsi.<\/p>\n\n\n\n<p> Przez ca\u0142y rok prowadzimy aktywne warsztaty z zakresu r\u0119kodzie\u0142a i gastronomii, kt\u00f3re pozwalaj\u0105 osobom zrzeszonym w naszym Kole na integracj\u0119, wymian\u0119 do\u015bwiadcze\u0144, dzielenie si\u0119 umiej\u0119tno\u015bciami oraz rozbudow\u0119 naszych zainteresowa\u0144<\/p>\n\n\n\n<p>KGW w Klimontowie, obecnie dzia\u0142aj\u0105ce pod przewodnictwem Iwony Wiecha, to ponad 30 os\u00f3b i s\u0105 to zar\u00f3wno panie jak i panowie. <\/p>\n\n\n\n<p>Mamy nadziej\u0119, \u017ce bardzo dobra wsp\u00f3\u0142praca z innymi organizacjami lokalnymi So\u0142ectwo Klimont\u00f3w, OSP Klimont\u00f3w , MDP Klimont\u00f3w B\u0142\u0119kitna Schola oraz Klub Sportowy Agricola &#8211; Klimont\u00f3w przyniesie wymierne efekty  dla naszej spo\u0142eczno\u015bci lokalnej i nie tylko.<\/p>\n\n\n\n<p><\/p>\n\n\n\n<p>Zapraszamy do ogl\u0105dni\u0119cia filmu promuj\u0105cego KGW-Klimont\u00f3w <img decoding=\"async\" loading=\"lazy\" height=\"16\" width=\"16\" alt=\"\ud83d\ude0d\" src=\"https:\/\/static.xx.fbcdn.net\/images\/emoji.php\/v9\/t2\/1\/16\/1f60d.png\"><img decoding=\"async\" loading=\"lazy\" height=\"16\" width=\"16\" alt=\"\ud83d\ude0d\" src=\"https:\/\/static.xx.fbcdn.net\/images\/emoji.php\/v9\/t2\/1\/16\/1f60d.png\"><img decoding=\"async\" loading=\"lazy\" height=\"16\" width=\"16\" alt=\"\ud83d\ude0d\" src=\"https:\/\/static.xx.fbcdn.net\/images\/emoji.php\/v9\/t2\/1\/16\/1f60d.png\"> zrealizowanego w ramach projektu &#8222;Ma\u0142opolskie Seminarium Lider\u00f3w Aktywnych dla Rozwoju&#8221;.<\/p>\n\n\n\n<figure class=\"wp-block-image\"><img decoding=\"async\" src=\"https:\/\/static.xx.fbcdn.net\/images\/emoji.php\/v9\/t4f\/1\/16\/1f447.png\" alt=\"\ud83d\udc47\"\/><\/figure>\n\n\n\n<figure class=\"wp-block-embed is-type-video is-provider-vimeo wp-block-embed-vimeo wp-embed-aspect-16-9 wp-has-aspect-ratio\"><div class=\"wp-block-embed__wrapper\">\nHttps:\/\/vimeo.com\/654449685\n<\/div><\/figure>\n\n\n\n<p><\/p>\n\n\n\n<figure class=\"wp-block-embed is-type-video is-provider-youtube wp-block-embed-youtube wp-embed-aspect-16-9 wp-has-aspect-ratio\"><div class=\"wp-block-embed__wrapper\">\n<iframe loading=\"lazy\" title=\"NIE MA JAK GOTOWA\u0106   KGW W KLIMONTOWIE   ZUPA DYNIOWA LISTOPAD 2022\" width=\"525\" height=\"295\" src=\"https:\/\/www.youtube.com\/embed\/rjudwkWfD7c?feature=oembed\" frameborder=\"0\" allow=\"accelerometer; autoplay; clipboard-write; encrypted-media; gyroscope; picture-in-picture; web-share\" allowfullscreen><\/iframe>\n<\/div><\/figure>\n","protected":false},"excerpt":{"rendered":"<p>KGW Klimont\u00f3w Ko\u0142o Gospody\u0144 Wiejskich w Klimontowie powsta\u0142o w 1965 roku jako organizacja kobiet wiejskich w ramach K\u00f3\u0142ek Rolniczych. Na pocz\u0105tku swej dzia\u0142alno\u015bci zrzesza\u0142o 11 pa\u0144 pod przewodnictwem Pani Teresy Stanek. Cz\u0142onkinie naszego Ko\u0142a aktywnie uczestnicz\u0105 we wszelkiego rodzaju prezentacjach kulinarnych i uroczysto\u015bciach do\u017cynkowych na terenie Gminy Proszowice i nie tylko . Kultywujemy r\u00f3wnie\u017c ludowe &hellip; <\/p>\n<p class=\"link-more\"><a href=\"https:\/\/klimontow.org\/index.php\/o-nas\/\" class=\"more-link\">Czytaj dalej<span class=\"screen-reader-text\"> KGW Klimont\u00f3w<\/span><\/a><\/p>\n","protected":false},"author":1,"featured_media":746,"parent":0,"menu_order":0,"comment_status":"closed","ping_status":"closed","template":"","meta":[],"_links":{"self":[{"href":"https:\/\/klimontow.org\/index.php\/wp-json\/wp\/v2\/pages\/9"}],"collection":[{"href":"https:\/\/klimontow.org\/index.php\/wp-json\/wp\/v2\/pages"}],"about":[{"href":"https:\/\/klimontow.org\/index.php\/wp-json\/wp\/v2\/types\/page"}],"author":[{"embeddable":true,"href":"https:\/\/klimontow.org\/index.php\/wp-json\/wp\/v2\/users\/1"}],"replies":[{"embeddable":true,"href":"https:\/\/klimontow.org\/index.php\/wp-json\/wp\/v2\/comments?post=9"}],"version-history":[{"count":13,"href":"https:\/\/klimontow.org\/index.php\/wp-json\/wp\/v2\/pages\/9\/revisions"}],"predecessor-version":[{"id":1361,"href":"https:\/\/klimontow.org\/index.php\/wp-json\/wp\/v2\/pages\/9\/revisions\/1361"}],"wp:featuredmedia":[{"embeddable":true,"href":"https:\/\/klimontow.org\/index.php\/wp-json\/wp\/v2\/media\/746"}],"wp:attachment":[{"href":"https:\/\/klimontow.org\/index.php\/wp-json\/wp\/v2\/media?parent=9"}],"curies":[{"name":"wp","href":"https:\/\/api.w.org\/{rel}","templated":true}]}}